 43
Suppose -5*c - 4*h + 100258 = 0, -60190 = -197*c + 194*c + 2*h. List the prime factors of c.
2, 3, 3343
What are the prime factors of 3 - -3278 - (-3 + 8)?
2, 3, 7, 13
Suppose -17*i = -19*i + 8. Suppose -12 = -i*p - 0*p. What are the prime factors of (p - 4 - (1 + -3)) + 52?
53
Suppose -4*r - 256 = -2*r. Let x = 34 + r. Let a = x + 266. List the prime factors of a.
2, 43
Let j(z) = 158*z - 16. Let p be j(4). Let o = -59 + p. List the prime factors of o.
557
Let c(p) = -p**3 - 14*p**2 + 13*p - 60. List the prime factors of c(-24).
2, 3, 449
Let d be 114 - (0 - -1*1). Let x be 16/(-24) - 472/(-24). Let y = d - x. List the prime factors of y.
2, 47
Suppose -4*q + 126 = -7*q. Let i = q - -105. Let m = 107 - i. List the prime factors of m.
2, 11
Let p = 26215 + -13109. List the prime factors of p.
2, 6553
Let j be 19/(76/44184) + (3 - 2). Suppose -105 = -17*a + j. List the prime factors of a.
2, 41
Let f be 4/34 + (-19)/(323/(-882)). List the prime factors of -501*(-2*f/24 + 4).
167
Let f = 51 + -53. Let g(n) = 7*n + 5. Let c be g(f). List the prime factors of (c/(-6))/(2*3/856).
2, 107
Suppose 0 = 4*d - 2*d + 238. Let i = -50 - d. What are the prime factors of (1 - -3*(-10)/(-18))*i?
2, 23
Let n = 47494 - 33144. What are the prime factors of n?
2, 5, 7, 41
Suppose -2*b = -4*m - b - 79, 3*m + 5*b = -42. Let u be (209/m)/(-1 + 0). What are the prime factors of (-1 + -50)/(u/(-11))?
3, 17
Suppose 0 = -c + 4*w + 6, 2*c - 5*w - 75 = -3*c. Let o be (-1)/(-2)*c - (-12)/(-3). Suppose 5*x - 4*b + b = 970, b = -o*x + 970. List the prime factors of x.
2, 97
Let y(a) = -2*a**3 - 10*a**2 - 6*a + 13. Let q be y(-4). Suppose q*t - 659 - 164 = -m, -4073 = -5*m - 4*t. List the prime factors of m.
3, 271
What are the prime factors of (-35)/10*94680/(-70)?
2, 3, 263
Suppose -284*i + 279*i + 32090 = 0. Suppose 31*q - 3316 = i. List the prime factors of q.
2, 157
Suppose 75*s = 71*s - 2784. Let r = s - -1053. List the prime factors of r.
3, 7, 17
Suppose -2*y = 2*c - 0*c - 11874, 2*y - 4*c - 11904 = 0. List the prime factors of y.
2, 2971
Let s(t) = 4*t**2 - 58*t + 810. List the prime factors of s(35).
2, 5, 23
Let q(i) = 18*i**2 + 9*i - 70. Let h(v) = 37*v**2 + 19*v - 141. Let f(w) = -4*h(w) + 9*q(w). List the prime factors of f(7).
5, 131
Suppose -7*y + 23*y - 6768 = 0. Let c = -166 + y. What are the prime factors of c?
257
Let b(a) = 38*a - 21. Suppose -6*q = -63 - 9. What are the prime factors of b(q)?
3, 5, 29
What are the prime factors of 1661*(3 - -3)*(-9)/(-27)?
2, 11, 151
Let i = 31 - 23. Suppose w - i - 38 = 0. Suppose 2*m - w = 2. List the prime factors of m.
2, 3
Suppose 0*z - 4*t = 5*z + 330, 5*z = -t - 345. Let m = z - -69. Let g = m - -4. List the prime factors of g.
3
Let g be 371/21 + 8/24 - 3. Suppose -n + 22 = 4*m + m, 3*m = 2*n + 8. Suppose -g = -c - t - n*t, 5*c + t - 89 = 0. What are the prime factors of c?
2, 3
Let k be (-42)/(-7) - (4 + -1 - 1). Suppose -k*v + 0*v = -56. List the prime factors of 124/v - (-4)/28.
3
Suppose 28 = y + 5*t, 0 = -6*y + y - t + 20. What are the prime factors of y + ((-2868)/(-4) - 4)?
2, 179
Let f = -23031 - -29248. List the prime factors of f.
6217
Suppose n = 0, -5*v + 490 = 2*n - 465. Let m = 1116 - v. List the prime factors of m.
5, 37
Let a be (3924/(-36))/(2/18). Let j = 1396 + a. What are the prime factors of j?
5, 83
Let p = -36012 - -50668. List the prime factors of p.
2, 229
Suppose 12*u - 167224 - 394924 = -119672. What are the prime factors of u?
3, 17, 241
List the prime factors of 8/6 + 15018786/459.
2, 16361
Suppose 57739 = -6*k + 35*k. What are the prime factors of k?
11, 181
Let i(u) = -3*u**2 - 13*u + 26. Let t(y) = -5*y**2 - 14*y + 27. Let j(b) = 3*i(b) - 2*t(b). Let x be 11/(-3)*(-9)/3. List the prime factors of j(x).
2, 3
List the prime factors of 10*2/12 + (-1139372)/(-78).
7, 2087
List the prime factors of (1000/70 - 14) + 69732/7.
2, 17, 293
Suppose -36 = -7*h + 3*h. Let f = -2089 - -2104. What are the prime factors of 3 - ((-2379)/f - h/(-15))?
7, 23
Let i be 21/24*-6 - (-5)/20. Let z(x) = 2*x + 15. Let n be z(i). Let l(y) = y**2 - 4*y + 1. What are the prime factors of l(n)?
2, 3
Let q(v) = v**2 - 19*v - 132. Let c be q(25). What are the prime factors of 0/5 + c/6 + 468?
3, 157
Let m = -76 + 76. Let j(a) = -3*a + 80. Let h be j(m). Let s = -42 + h. What are the prime factors of s?
2, 19
Let u = -73 + 96. Suppose -u*g + 28*g = 1985. What are the prime factors of g?
397
Let h = 44 + -42. Suppose v = h*v + 16. List the prime factors of (-3)/(-12) + (-1548)/v.
97
Let b(f) = 684*f + 2162. List the prime factors of b(12).
2, 5, 17, 61
List the prime factors of (26 - -2)*4472/16.
2, 7, 13, 43
Suppose -3*i + 3*x = 381, 396 = -4*i - 3*x - 126. Let c be 285/25 + 2/(-5). Let g = c - i. What are the prime factors of g?
2, 5, 7
List the prime factors of (2 - (-9)/(-4))/(24 + 3372595/(-140524)).
43
Let g(o) = 3*o + 20. Let l be g(-6). Suppose l*m = 4 + 8. Suppose -333 = -4*y - 3*j, m*y - 3*y = 5*j + 228. What are the prime factors of y?
3
Let l = 112 - 110. Suppose 3*d - 5*x = -0*x + 15, -10 = -l*d + 3*x. What are the prime factors of 6/10 + (37/d - -1)?
3
Let k = 451 + -123. Suppose 2*h = 6, -h + k - 4060 = -5*w. What are the prime factors of w?
3, 83
Let l = -3749 - -10601. What are the prime factors of l?
2, 3, 571
Let s(r) = 164*r**3 + 3*r**2 - 12*r**2 + 4*r + 3*r**2 - 10 + 25*r**3 + 4*r**2. List the prime factors of s(2).
2, 751
Let k(f) = 3*f**2 - 67*f + 35. Let l be k(22). Suppose -11*d - 632 = -l*d. List the prime factors of d.
2, 79
Suppose -4*a + 0*a + 1736 = 0. Let g(z) = 3*z**2 - 389*z - 796. Let t be g(132). Suppose 4*i + 5*s - t = 3*i, -a = -3*i - 5*s. List the prime factors of i.
3, 17
Suppose -3582168 - 2728128 = -92*w + 159696. List the prime factors of w.
2, 3, 3907
Let n(k) = -k**2 + 3*k + 2. Let w be n(3). Suppose -w*f + 6*f - 439 = -3*b, 0 = -b - 2*f + 147. What are the prime factors of b?
5, 29
What are the prime factors of -3 - (2 - -2933)*(3 - (-1392)/(-40))?
2, 3, 5, 17, 61
Let x(p) = p**3 + 5*p**2 + 3*p - 6. Let w be x(-3). Suppose 690 = w*q - 387. What are the prime factors of q?
359
Let m(g) = 432*g**2 + 3*g - 3. Let x = -209 + 207. List the prime factors of m(x).
3, 191
Suppose 9*j + 5041 = 25309. What are the prime factors of j?
2, 563
Suppose -j + 4*l = j - 2, 0 = 5*j + 3*l - 44. Let q(u) = 8*u**2 - 6*u**2 + 20 - j - u. List the prime factors of q(6).
79
Let m be (-6)/(-15) + (-11778)/(-30). Let r = m + -237. List the prime factors of r.
2, 3, 13
Suppose 4*u - 40 = -u - 5*l, 0 = -3*l + 9. Suppose -3*a + 5*a = -3*h + 499, 4*h = u*a - 1259. What are the prime factors of a?
251
Let z(l) = -l**3 - 2*l**2 + 2*l. Let d be z(0). Suppose 5*c = 4*g - 1457, -5*g + 1828 = -d*g - 4*c. Let v = 541 - g. List the prime factors of v.
173
Suppose 5*v = -2*b + 11750, 132*v + 70500 = 12*b + 130*v. List the prime factors of b.
5, 47
Let s(p) = 1043*p**3 - 5*p**2 + 18*p - 6. List the prime factors of s(3).
2, 3, 2347
Let u be (-3 - 1) + 12/2. Let w(n) = 24*n**3 - 3*n**2 + 10*n - 14. What are the prime factors of w(u)?
2, 3, 31
Suppose -3*l = 7*l - 56*l + 258474. List the prime factors of l.
3, 1873
What are the prime factors of (-184)/6*-183*(4 + -3)?
2, 23, 61
Let z(t) = 6*t - 51. Let r(b) = 25. Let u(l) = -9*r(l) - 5*z(l). Let f(c) = 2*c + 13. Let j be f(-9). List the prime factors of u(j).
2, 3, 5
Let j be 715 - (-32)/(5 - -3). Let q = j + -110. List the prime factors of q.
3, 7, 29
Let t(x) = x**2 + 3*x - 12. Let l be -15*(0 - 10/(-25)). Let d be 8/l*(-225)/(-30). What are the prime factors of t(d)?
2, 29
Suppose 24735 + 40663 = 70*a + 8698. What are the prime factors of a?
2, 3, 5
Suppose -2*z = -2*q + 2252, -z = 3*q - 0*z - 3366. Let h = 1691 - q. List the prime factors of h.
2, 71
Let t(j) = -3*j + 15. Let u(i) = -3*i**3 - 5*i**2 - 5*i. Let q be u(-2). Let k = -14 + q. List the prime factors of t(k).
3, 5
Suppose -2*i + 8215 = -5*t, -4*i - 5*t = -3*i - 4055. What are the prime factors of i?
2, 5, 409
Let d(q) be the third derivative of -q**6/24 - q**5/30 - 5*q**4/12 + 4*q**3/3 - q**2 - 16. What are the prime factors of d(-4)?
2, 3, 7
Suppose -t = 4*c - 62, 20 = -4*c + 2*t + 76. Suppose 0 = -4*h - c + 39. Suppose s + 260 = h*s. What are the prime factors of s?
2, 13
Let q(u) = -u*